et q = 52 - j. Calculate the remainder when 95 is divided by q.
23
Suppose -4*j - 7*x + 3*x + 68 = 0, -3*x + 87 = 5*j. Let v = -81 + 149. Calculate the remainder when v is divided by j.
14
Suppose -6*u + 206 = 20. Let x = u - 27. Suppose s + 0*s - 3 = 0. Calculate the remainder when x is divided by s.
1
Let h(z) = -z**2 + 61*z - 750. Suppose 3*y - 13 = 95. Calculate the remainder when y is divided by h(43).
12
Suppose -x - 2*c = 6 - 1, -7 = -x + 2*c. Let s(u) = 24*u + 1. Calculate the remainder when s(x) is divided by 18.
7
Let t = -59 - -79. What is the remainder when 36 is divided by t?
16
Let v be ((-5)/2)/(15/(-30)). Suppose v*m - 75 = -3*w, -m - 2*m - 51 = -3*w. Calculate the remainder when 59 is divided by w.
19
Suppose 3*f + 50 = 3*s - 28, -4*f = 5*s - 121. Suppose s = -4*g + 69. Calculate the remainder when 52 is divided by g.
8
Suppose 2*x = -3*p + 39, -4*p = 3*x + 15 - 72. Suppose 0*h + 4 = h. Suppose -y = 3*j + h*y - 116, 202 = 5*j + 4*y. What is the remainder when j is divided by x?
12
Suppose -2*z - 4*r = -68, 3*r + 96 = -z + 3*z. What is the remainder when z is divided by 22?
20
Suppose 4*n + 188 - 356 = 0. What is the remainder when n is divided by 15?
12
Let t = 601 - 317. What is the remainder when t is divided by 15?
14
Suppose -3170 = -12*k + 1642. What is the remainder when k is divided by 67?
66
Suppose -2*i + 137 = -b + 24, -4*i = 4*b - 256. Suppose 5*l + i = 249. What is the remainder when l is divided by (-1)/(-3) + -1 + 123/9?
12
Let d = 505 - 371. What is the remainder when d is divided by 71?
63
Suppose 0 = -y, i - 89 = 2*i + 3*y. Let f = -47 - i. Suppose -z - f = -3*z. Calculate the remainder when 41 is divided by z.
20
Let m(h) = -7 + 25*h - 45*h - h**2 + 4 - 36. Calculate the remainder when 43 is divided by m(-16).
18
Let l = 115 - 95. Suppose 6*s - l = 4*s. What is the remainder when 28 is divided by s?
8
Let h(t) = -t**3 + 10*t**2 - 6*t - 10. Suppose s + 3*l - 4*l = -21, 114 = -5*s - 4*l. Let a = s - -30. What is the remainder when h(a) is divided by 24?
22
Suppose -305 = -3*m - 4*v, 468 + 50 = 5*m - 3*v. What is the remainder when 191 is divided by m?
88
Let s(i) = i**3 + 15*i**2 - 26*i - 151. Suppose -5*u = -5*h + 155, 5*u + 0*u - 185 = -5*h. What is the remainder when h is divided by s(-16)?
7
Suppose 22 = 3*v + j, -3*v + 2*j + 0 = -10. Let s be (3/5 - (-138)/(-180))*-6. Calculate the remainder when 28 - s*(3 + -6 + 4) is divided by v.
3
Suppose 4*k + 7*k = -22. Let x(r) = 4*r**2 - r - 5. What is the remainder when 38 is divided by x(k)?
12
Let g(o) = 2*o**3 - 2*o**2 - 27*o - 15. What is the remainder when 96 is divided by g(5)?
46
Suppose 6*l + 26 - 80 = 0. What is the remainder when 70 is divided by l?
7
Let u(m) = m**3 - m + 9. Suppose 0*c - 34 = -2*c. Let x = c - 17. Calculate the remainder when u(x) is divided by 4.
1
Suppose -7*h + 22 + 20 = 0. What is the remainder when 70 is divided by h?
4
Suppose 0 = -2*y + 3*y + 4*u + 13, 14 = -2*y - 5*u. Suppose -124 = y*x - 166. Calculate the remainder when 68 is divided by x.
12
Let l(t) = -26*t + 95. What is the remainder when 235 is divided by l(3)?
14
Suppose 372*t - 17437 = 43*t. Calculate the remainder when t is divided by (-1)/(-2) - (-21)/2.
9
Let g(i) = 5*i**2 - 136*i + 21. Calculate the remainder when g(29) is divided by 73.
63
Let m be (70/(-6))/((-11)/(-33)). Let o = m + 49. Calculate the remainder when 68 is divided by o.
12
Suppose 5*y - 706 = -2*u, 8*u + 2*y = 3*u + 1807. What is the remainder when u is divided by 61?
58
Let l(g) = 7*g - 4. Let z(n) = -1. Let d(x) = l(x) - 5*z(x). Suppose 4*i - 44 = -2*o, -5*o - i + 110 = -0*o. Calculate the remainder when d(6) is divided by o.
21
Suppose -2*x - 2*x + 4*g = 32, -2*x - 2*g = 12. Calculate the remainder when 37 is divided by (8 - -3) + -3 + (-2 - x).
11
Let r(x) = x**3 + 10*x**2 + 10*x + 2. Let o be r(-9). Let i = o + 24. Suppose i = v + v - 3*u, -48 = -5*v + 2*u. What is the remainder when 36 is divided by v?
6
Suppose -110 = 3*v + 46. Calculate the remainder when 5*(v/(-20) - -1) is divided by 5.
3
Let b(k) = 12*k + 14. Let y be b(8). Let i be (y/(-6))/(-1)*3. Let j = i - -9. Calculate the remainder when j is divided by 13.
12
Let i = 683 + -372. Calculate the remainder when i is divided by 21.
17
Let k(v) = v**3 + 10*v**2 + 6*v + 2. Let q(o) = o + 2. Let w be q(0). What is the remainder when k(-9) is divided by 4*(6 + 0 - w)?
13
Let t be (-2 + 16/10)/((-21)/105). Suppose 0*n - 4*z = 2*n - 26, t*n - 21 = -5*z. What is the remainder when n is divided by 10?
3
Suppose -63*q + 28*q + 2170 = 0. Calculate the remainder when q is divided by 4/(-2 + 17/8).
30
Suppose -2891*c - 539 = -2898*c. Calculate the remainder when 1077 is divided by c.
76
Let v(t) = t**2 + t. Let m(f) = -f**3 - 5*f**2 - f. Calculate the remainder when m(-5) is divided by v(1).
1
Suppose h = 0, 2*h + 45 = 3*b + 5*h. What is the remainder when 73 is divided by b?
13
Let u = 627 - 609. Calculate the remainder when 42 is divided by u.
6
Let j(o) = o**2 - o + 44. Let x = -55 - -53. Calculate the remainder when j(0) is divided by x*(-5)/4*6.
14
Calculate the remainder when 69 is divided by (14174/(-12))/(-19) - (-1)/(-6).
7
Suppose 7*h - 3*h - 20 = 0, -5*h + 31 = 3*t. Suppose p + 3*f = -t*f - 10, 8 = -4*f. What is the remainder when 46 is divided by (-11 - 1)*(-2 + p)?
22
Suppose 0 = -2*c - 2*c + 4*v + 8, 3*c + 8 = -4*v. Let g(j) = 3*j - 2*j + 7 + c*j. Calculate the remainder when 48 is divided by g(10).
14
Suppose 3*o - 223 = -2*w + 290, -5*o - 25 = 0. Suppose -n = n - w. What is the remainder when 23 is divided by (-7)/(-2)*n/77?
5
Suppose 0 = -55*p + 51*p + 8. Suppose -3*n - p*n + 20 = 0. Suppose -5*t = g - 15, -1 = -4*g - 5*t + 59. What is the remainder when g is divided by n?
3
Suppose 3*l = 141 + 93. Suppose 3*z + 0*v = 2*v + l, 155 = 5*z + 5*v. Calculate the remainder when z is divided by 6/(-21) + 222/42.
3
What is the remainder when ((60/(-9))/(-2))/((-232)/(-24) + -9) is divided by -1 + 1 - (-4 - 0)?
1
Suppose 39 = 8*n - 177. Calculate the remainder when 2/(-8)*2*(-424)/2 is divided by n.
25
Suppose -11*b = -7*b - 176. Suppose 0 = 2*y + j + 4*j - 29, -3*j + b = 5*y. Suppose 0 = 6*t - y*t + 57. Calculate the remainder when t is divided by 20.
17
Suppose 0 = -r + 14 + 25. Suppose -r = -3*x + d, 2*d = -2*x - 0*d + 34. Suppose 2*l + 1 = 5, 14 = n + 3*l. Calculate the remainder when x is divided by n.
6
Suppose 0 = 2364*h - 2361*h - 753. What is the remainder when h is divided by 22?
9
Let p = 0 + 3. Suppose 4*l + 25 = p*z - 29, -4*z = -5*l - 71. Let x(r) = 9*r - 6. What is the remainder when x(5) is divided by z?
11
Suppose 4*v = 16, -5*v + 176 = 4*x - 2*v. What is the remainder when x is divided by (-282)/(-26) + (-2)/(-13)?
8
Let q = 1081 - 133. What is the remainder when q is divided by 95?
93
Let m be (-48)/(-2)*(-6)/8. Calculate the remainder when (m/(-27))/(1/105) is divided by (6/2)/(2/12).
16
Suppose -41 + 5 = -4*t. What is the remainder when 91 is divided by (92/(-6))/((-6)/t)?
22
Let s(h) = 9*h**2 + 13*h - 43. Let d(y) = -3*y**2 - 4*y + 14. Let z(l) = 17*d(l) + 6*s(l). Calculate the remainder when z(-9) is divided by 34.
31
Let x be ((-12)/30)/((-2)/40). Let w = 2 + x. What is the remainder when w is divided by 6?
4
Suppose -o - 1133 = 4*r - 5712, 3431 = 3*r + 4*o. Suppose -2*u - 3*u = -r. What is the remainder when u is divided by 29?
26
Suppose -9 = -5*g + 1. Suppose -b + g = 5, -y = 4*b - 49. Let l(w) = w**2 + w - 4. What is the remainder when y is divided by l(-5)?
13
What is the remainder when 40 is divided by ((-120)/200)/((-2)/40)?
4
Let p = 87 - 53. Let s(a) = -a**3 + 6*a**2 - 2*a - 2. Let g be s(6). What is the remainder when p is divided by (-6 - g)/((-2)/(-3))?
10
Let r be 0 - (-2 - -2) - -2. Suppose 3*w = -r*w + 210. What is the remainder when w is divided by 9?
6
Let d(w) = w**3 + 11*w**2 - 10*w + 37. Suppose -103 = -6*o + 41. Calculate the remainder when o is divided by d(-12).
11
Let r = 125 - -10. Suppose -t + r = 4*t. What is the remainder when 105 is divided by t?
24
Let b(y) = -5*y + 3. Let v be b(-9). Suppose -7*j + v = -j. What is the remainder when 38 is divided by j?
6
Let x = -17 - -17. Suppose -5*k - 85 + 5 = x. Let y = 32 + k. Calculate the remainder when 61 is divided by y.
13
Let o = 560 + 